 are the prime factors of k?
127
Let p = -8 + 9. Let l be (p/3)/(2/(-6)). What are the prime factors of l + 6 + 0 + -3?
2
Let i(v) be the first derivative of v**4/4 - 11*v**3/3 + 11*v**2/2 - 5*v + 11. Let t be i(10). Suppose 0 = t*c - 4*c - 14. List the prime factors of c.
2, 7
Let t(b) = 3*b**2 + 32*b - 95. What are the prime factors of t(-19)?
2, 5, 19
Let f(v) be the first derivative of -19*v**2 + 2*v - 3. List the prime factors of f(-2).
2, 3, 13
Let z(w) = 99*w**2 + 8*w - 14. List the prime factors of z(2).
2, 199
Let q = 163 + -148. What are the prime factors of q?
3, 5
Let k(w) = -12*w - 7. Let u be k(-1). Suppose 4*q - 276 = 3*p, 84 = 2*q - u*p - 68. What are the prime factors of q?
2, 3, 11
Suppose -s + 42 = 5*o, 4*o - s = 30 + 9. Suppose 0 = m - o - 2. Suppose -j - v = -m, 5*j - 2*v = 2*j + 43. List the prime factors of j.
13
Suppose -65 = -2*v - k + 265, 505 = 3*v - k. Suppose 2*l - 7 = v. What are the prime factors of l?
3, 29
Let i(z) = z - 14. Let m be i(8). List the prime factors of 8/m + 3568/12.
2, 37
Let w be 3*((-1)/(-9))/(2/(-6)). List the prime factors of (-310 + 42/7)/(0 + w).
2, 19
Let c(k) = 2*k**2 - 4*k + 2. Let p be c(3). Let f be (p/(-6))/((-2)/(-3)). List the prime factors of 4/(16/(-30))*f.
3, 5
What are the prime factors of (-3 - 474/(-162)) + 417760/216?
2, 967
What are the prime factors of 1619 - 15/6*(-1 - -3)?
2, 3, 269
Suppose 8*y = 2*y + 30. Let h(u) = -3*u**2 + 3*u - 5. Let o(k) = -7*k**2 + 6*k - 9. Let c(z) = y*h(z) - 3*o(z). List the prime factors of c(3).
47
Let z = -178 + 67. Let w = -79 - z. List the prime factors of w.
2
Suppose -3*n - 2*n - 20 = 0, 2*n = 5*p - 238. Suppose 3*k - k = m - p, 4*k + 100 = 4*m. Let a = k + 42. What are the prime factors of a?
3, 7
Let k(v) = -v. Let f be k(-4). Suppose 5*m - f*m = 2. List the prime factors of (-610)/(-20) - (-1)/m.
31
Suppose 290 = 3*m - 298. Suppose -10*y + 14*y = m. What are the prime factors of y?
7
Suppose 0 = -17*k + 12*k - 2*a + 5065, 4*k = -3*a + 4052. What are the prime factors of k?
1013
Let p(j) = j - 13. Let x be p(15). Suppose -4*d = -2*v + 698, 696 = 4*v - x*v - 3*d. List the prime factors of v.
3, 5, 23
Let d(r) = 15*r**2 - 3*r - 84. What are the prime factors of d(-13)?
2, 3, 5, 83
Suppose 0 = -5*x - 176 + 1201. Let n = 309 - x. What are the prime factors of n?
2, 13
Suppose -4*a = 4*w - 5*a - 155, 5*a - 225 = -5*w. Suppose 3*x + 4*n = 83, -2*x = -6*n + n - w. List the prime factors of x.
5
Suppose -7*c + 2*c = -730. Suppose -q + 4*w = -132, 4*w = -q + w + c. List the prime factors of q.
2, 5, 7
Let m(g) = g**3 - 18*g**2 + 2*g + 8. List the prime factors of m(18).
2, 11
Let d(z) = -z**3 - 4*z**2 - 3*z - 1. Let i be d(-2). List the prime factors of 1416/15 + i/(-5).
5, 19
Let f be 2/6*(-108)/(-12) - -5. What are the prime factors of (-3)/(-12) - ((-750)/f + 4)?
2, 3, 5
List the prime factors of ((-187)/(-462) - (-4)/42)*678.
3, 113
Let i(n) = 4*n + 33. Let g = -29 + 40. What are the prime factors of i(g)?
7, 11
Suppose 0 = 3*m + 2*t - 0*t - 3919, 1317 = m - 2*t. What are the prime factors of m?
7, 11, 17
Let a = 21 - 24. Let c be -5 + (-8)/(-4) - a. Suppose c = l + l - 90. What are the prime factors of l?
3, 5
Let h be ((-2)/4)/((-11)/44). Suppose u - 5*z + 3 = h, -u = 2*z - 6. Suppose 2*a + 106 = u*a. What are the prime factors of a?
53
Suppose -2*m = -2*d - 4, -2*d + 2 = d - m. What are the prime factors of (-295)/20*(-8)/d?
59
Suppose 13 = 4*t - 7. Suppose -140 = -2*x - 2*v, -x + 0*v = -t*v - 52. List the prime factors of x.
67
Let s = 26 + -29. Let d(p) = -21*p - 8. Let z be d(s). List the prime factors of 10*-3*z/(-30).
5, 11
Let a = -1 - -6. Suppose p = a - 2. Let l = p - -16. List the prime factors of l.
19
Suppose -1759 = -3*s - x, -s - 2*x - 48 = -641. What are the prime factors of s?
3, 5, 13
Suppose 2 = q - 1, 4*r + 3*q = 25. Suppose -r*i + 627 = 95. List the prime factors of i.
7, 19
Let u(h) = -h**3 + 9*h**2 - 21*h + 8. Let w be u(9). Let k = 453 + w. What are the prime factors of k?
2, 17
Let h be 8 - ((-124)/(-44) + 10/55). Suppose -h*n + 534 = -141. List the prime factors of n.
3, 5
Suppose -6*i + 19 + 5 = 0. Suppose -i*q = 2*f - 4*f - 290, 5*q + 4*f - 343 = 0. What are the prime factors of q?
71
Let x(g) = 2*g**2 - 3*g + 14. List the prime factors of x(-12).
2, 13
Let c be ((-122)/(-4) + -4)*(1 + 1). List the prime factors of -1 + c - (4 + -5).
53
Suppose -y + 3*y = -112. Let g = 139 + y. Suppose 2*p = 4*k - p - g, -5*k - p + 80 = 0. List the prime factors of k.
17
Let s = -338 + 2181. What are the prime factors of s?
19, 97
Let h = -138 + 141. What are the prime factors of h*3*232/36?
2, 29
Let z = -62 + 126. Suppose f = -2*q + z, -3*q = 4*f - f - 189. Suppose f = -2*u + 4*u. List the prime factors of u.
31
Let v(s) = -30*s**2 - 2*s + 23. Let g(t) = 10*t**2 + t - 8. Let a(m) = -11*g(m) - 4*v(m). Let b be a(-2). What are the prime factors of ((-4)/(-3))/(14/b)?
2
Let d(a) = a**2 - a + 2. Suppose -j = 4*j. Let g be d(j). Suppose -28 = -g*i + 4*n, -3*n + 0*n + 34 = 4*i. What are the prime factors of i?
2, 5
Let i(g) = g**2 - 7*g - 175. List the prime factors of i(24).
233
Let c(o) = 4*o**2 + o. Let f be c(2). List the prime factors of 14/(-3 + (2 - (-21)/f)).
2, 3, 7
Let g(z) = -161*z**3 - 9*z**2 - 7*z - 7. Let w(o) = 81*o**3 + 5*o**2 + 4*o + 4. Let k(u) = -4*g(u) - 7*w(u). What are the prime factors of k(1)?
2, 3, 13
Let u(d) = 293*d + 5. List the prime factors of u(1).
2, 149
Let q = 1 - 5. Let y(c) = 31*c + 4. Let b(d) = 6*d + 1. Let g(a) = q*y(a) + 22*b(a). List the prime factors of g(3).
2, 3, 5
Let x = 46 - 5. Suppose 3*v - x - 4 = -2*l, 9 = -3*v. What are the prime factors of l?
3
Suppose 5*v = -5*r + 25, -4*r + 26 = 3*v + 4. Let o(p) = p**3 - 8*p**2 + 11*p - 9. List the prime factors of o(r).
19
Suppose 14 = 8*p - 18. Suppose 6*d - p*d = 446. List the prime factors of d.
223
Let p(q) = -4*q**2 + 69*q - 3. What are the prime factors of p(7)?
2, 71
Suppose -2*j - 120 = -5*j. Suppose 0 = -5*l + 2*y + 35, 4*y = 3*l + l - j. Suppose 0 = -l*w + 2*w + 39. What are the prime factors of w?
13
Suppose 5*k + 4*v - 8487 + 2302 = 0, 2*v = 4*k - 4948. List the prime factors of k.
1237
Let c = 446 - 139. List the prime factors of c.
307
Suppose -l + 198 + 152 = 0. Let t = l + -239. List the prime factors of t.
3, 37
Let n = 1771 - 565. List the prime factors of n.
2, 3, 67
Let i = -135 - -144. What are the prime factors of (-94)/(-1 + -1) - (i - 6)?
2, 11
Let d(y) = y + 7. Suppose 0 = -8*b + 3*b - 20. Let v be d(b). Suppose v*w = -0*w + 105. List the prime factors of w.
5, 7
Suppose -27*u + 22*u = -4990. What are the prime factors of u?
2, 499
Let f = -574 - -826. List the prime factors of f.
2, 3, 7
Let z(h) = -h**3 + 2*h**2 - 1. Let a be 3/(2/((-12)/(-9))). Let x be z(a). List the prime factors of x*10/6*-15.
5
Suppose -5*m + 444 = -406. List the prime factors of m.
2, 5, 17
Let n(x) = -9*x + 9. Let i be n(4). Let l = i - -56. List the prime factors of l.
29
Let b = -38 - -38. Suppose 0 = -b*g - 2*g - 3*v + 372, -2*v = 3*g - 548. What are the prime factors of g?
2, 3, 5
Let q = 265 - 313. Let h = 56 + 54. Let x = h + q. List the prime factors of x.
2, 31
Let j be (0 + -2)/(15/30). Let i(w) = w**2 - 8*w - 9. List the prime factors of i(j).
3, 13
Let g(n) = 5*n**2 - 17*n - 36. What are the prime factors of g(-9)?
2, 3, 29
Let m be ((-14)/(-4))/((-85)/(-28) + -3). Suppose m*q = 103*q - 590. List the prime factors of q.
2, 59
Let b be (-11)/(-3) + (-8)/12. Suppose b*w - 353 = -95. What are the prime factors of w?
2, 43
Let t(d) = 257*d**2 - 20*d + 90. What are the prime factors of t(4)?
2, 3, 229
Let g(a) = 3*a**2 - 6*a + 7. Let n be g(-9). List the prime factors of (n/24)/((-2)/(-3)).
19
Let k = -10 + 11. Let v be (-3636)/28 - k/7. What are the prime factors of (9/(-15))/(2/v)?
3, 13
Suppose 0 = -5*r + 85 + 35. Suppose 0 = -4*u + r - 0. List the prime factors of u.
2, 3
Let i = -190 + 109. Let q = i + 152. Suppose 0*c = -5*w - 3*c + 155, -2*w - 3*c + q = 0. What are the prime factors of w?
2, 7
Suppose -3*p + 105 = -0*p. Suppose 2*l + h - 63 + 16 = 0, 0 = -4*l + 4*h + 112. Let k = p - l. List the prime factors of k.
2, 5
Suppose 5*o - 2*c + 16 = -c, o - c = 0. Let v(w) = -27*w + 8. What are the prime factors of v(o)?
2, 29
Let o 